In base 15, what is -d10e + -3?
-d112
In base 6, what is -452355 - -235?
-452120
In base 10, what is 2 - 52683?
-52681
In base 2, what is -101 + -11001011000111000?
-11001011000111101
In base 16, what is -1fdb + -5?
-1fe0
In base 2, what is -1000 - 101101111010?
-101110000010
In base 13, what is -17 - -4a8?
491
In base 7, what is -110232 - 4?
-110236
In base 9, what is 3 + 672410?
672413
In base 8, what is -4144 - -134?
-4010
In base 16, what is 209 + 19?
222
In base 12, what is -81 + 808?
747
In base 5, what is -11142004 - 4?
-11142013
In base 15, what is -9e31b - 0?
-9e31b
In base 10, what is -268247 - -5?
-268242
In base 12, what is -6 - b1b8?
-b202
In base 3, what is 102020010 + 212120?
110002200
In base 8, what is -106 - -3462?
3354
In base 10, what is -1003 - 3837?
-4840
In base 12, what is -246b39 + -5?
-246b42
In base 14, what is 0 + -232b68?
-232b68
In base 16, what is 674 + -32?
642
In base 16, what is 710a + -6?
7104
In base 5, what is 10 - 13403311?
-13403301
In base 13, what is -4a7a + 2?
-4a78
In base 5, what is 4 - -441404?
441413
In base 4, what is 3103121 + -2?
3103113
In base 14, what is 3a + -4?
36
In base 13, what is -113 - 4316?
-4429
In base 9, what is 0 + -565?
-565
In base 6, what is -510 - -1131?
221
In base 2, what is -100 - -100110001111?
100110001011
In base 15, what is -720 + -1b?
-73b
In base 12, what is -5b - 195?
-234
In base 7, what is -5662 - 2012?
-11004
In base 15, what is 3 + 21107?
2110a
In base 12, what is 3159 - -18?
3175
In base 13, what is -238b3 - 1?
-238b4
In base 14, what is -d5 - 209?
-300
In base 8, what is 21 - -263601?
263622
In base 16, what is 50 + -10da?
-108a
In base 4, what is 10 - -201011110?
201011120
In base 8, what is 20300407 + -3?
20300404
In base 16, what is d8037 + -1?
d8036
In base 6, what is -35 - 14?
-53
In base 2, what is 11000011010101 - -100011111?
11000111110100
In base 12, what is -a78 - -22?
-a56
In base 7, what is -151552 - 1?
-151553
In base 4, what is -102330231 - -23?
-102330202
In base 4, what is 0 + 3112101?
3112101
In base 5, what is -10 - 14034304?
-14034314
In base 6, what is -3045302 + 4?
-3045254
In base 10, what is 142 + 16305?
16447
In base 11, what is -488 + 24a?
-239
In base 2, what is -1110101011010000010 - 101?
-1110101011010000111
In base 8, what is 5 + -1044272?
-1044265
In base 14, what is 2 + 12564?
12566
In base 11, what is 393 - -219?
601
In base 11, what is -6 - -19055?
1904a
In base 12, what is -30926 - 0?
-30926
In base 15, what is -1 + 16d83?
16d82
In base 2, what is 10011 - 100011000001000?
-100010111110101
In base 8, what is 4 - -104404?
104410
In base 7, what is -10141 + -361?
-10532
In base 6, what is 10001 - -3414?
13415
In base 14, what is -2 - 4849a?
-4849c
In base 12, what is -5 - -16a94?
16a8b
In base 3, what is 11 - -21121211001?
21121211012
In base 12, what is 80a - -51?
85b
In base 3, what is 10 + 21010022?
21010102
In base 3, what is 2121 + -1201010?
-1121112
In base 3, what is 1110 - 1000122020?
-1000120210
In base 2, what is -1 - 1000101011100101111?
-1000101011100110000
In base 14, what is -5aa573 - -5?
-5aa56c
In base 14, what is 11135 + -22?
11113
In base 5, what is 1040 + 40?
1130
In base 8, what is -321056 - 20?
-321076
In base 8, what is 3113 - -1010?
4123
In base 15, what is -aa - -76a?
6b0
In base 5, what is 3 + -22233?
-22230
In base 5, what is -4 + 11340221?
11340212
In base 5, what is -4420010 + 10?
-4420000
In base 3, what is 101122221 + -10020?
101112201
In base 10, what is 208744 + 2?
208746
In base 16, what is c - -29dc?
29e8
In base 9, what is -2 + -30861?
-30863
In base 5, what is 13 - 10010?
-4442
In base 10, what is 1180 - 321?
859
In base 16, what is -124 - -e9?
-3b
In base 12, what is 53 - -15622?
15675
In base 2, what is 111101111 + 1100?
111111011
In base 2, what is 10000100110010110110 + -101?
10000100110010110001
In base 4, what is -122021 + -230?
-122311
In base 4, what is 331 + 1102?
2033
In base 7, what is 1106063 + -4?
1106056
In base 13, what is -1331 + -28?
-1359
In base 5, what is 20 + -423234?
-423214
In base 4, what is -123002230 - 10?
-123002300
In base 3, what is 1001111002 + -20?
1001110212
In base 4, what is -11011 - -1102?
-3303
In base 13, what is -2093a7 - 5?
-2093ac
In base 8, what is 1 - -27733?
27734
In base 2, what is -1011100010 + -111010?
-1100011100
In base 4, what is -22 + 2013311?
2013223
In base 3, what is 120 + 211202?
212022
In base 2, what is 0 + 11110110110010000?
11110110110010000
In base 9, what is 1545 + 37?
1583
In base 12, what is -6 - 10570?
-10576
In base 3, what is 12 - -1000110102?
1000110121
In base 3, what is 10210 + -10121212?
-10111002
In base 7, what is 1 - 100063?
-100062
In base 13, what is c1 + 252?
343
In base 7, what is -26035 - -652?
-25053
In base 4, what is -3031210220 - 2?
-3031210222
In base 5, what is -1443011 + 4?
-1443002
In base 2, what is -1 + 11111111010001?
11111111010000
In base 16, what is 0 + 488ca?
488ca
In base 7, what is 13606 + 322?
14231
In base 10, what is -1 + -110?
-111
In base 8, what is -10451373 + 1?
-10451372
In base 6, what is 1 + 1432354?
1432355
In base 10, what is -2974 - -60?
-2914
In base 11, what is 24127 + -1?
24126
In base 2, what is -1100 - -100111011011?
100111001111
In base 8, what is -15 + 36143?
36126
In base 9, what is -3 - 12870?
-12873
In base 6, what is -15 + 1102?
1043
In base 10, what is -19 + 7348?
7329
In base 9, what is 43522 - 30?
43482
In base 11, what is -27a + 9a?
-190
In base 8, what is 20165 + 6?
20173
In base 16, what is -3 + 1a6a2?
1a69f
In base 11, what is -108aa4 - 5?
-108aa9
In base 2, what is -11001010 - -11111?
-10101011
In base 2, what is -11010100001111001101100 + 11?
-11010100001111001101001
In base 13, what is -8bc65 + 9?
-8bc59
In base 6, what is 2332 - 2303?
25
In base 13, what is -3b4421 + 5?
-3b4419
In base 11, what is -7 + -a8540?
-a8547
In base 9, what is 13681 + 7?
13688
In base 13, what is -20852 + -a?
-2085c
In base 11, what is -21 + 1209?
1198
In base 10, what is 36 - 1426?
-1390
In base 8, what is -5125 - -31?
-5074
In base 3, what is -112110 + 11101?
-101002
In base 15, what is -10d + -369?
-477
In base 12, what is -15 - -40648?
40633
In base 13, what is 3 - -1c94a?
1c950
In base 14, what is -5 - 4c0d?
-4c14
In base 2, what is -1000000110111000 + -11?
-1000000110111011
In base 3, what is -10 - -2111002221?
2111002211
In base 13, what is 2 - 5899?
-5897
In base 3, what is 22 + 1111110?
1111202
In base 5, what is -4400 + -101430?
-111330
In base 10, what is -214 - -351?
137
In base 10, what is 108 + -148?
-40
In base 8, what is -212036 + -1?
-212037
In base 7, what is 5 - 4610?
-4602
In base 16, what is 31 + 205?
236
In base 11, what is -77 + 35a5?
3529
In base 3, what is 2101210100 + 2?
2101210102
In base 8, what is 7110 + -12?
7076
In base 10, what is 727 + -3031?
-2304
In base 16, what is 3 + 4334a?
4334d
In base 16, what is 7da + 2?
7dc
In base 11, what is 722 + 152?
874
In base 6, what is 4140 + 31?
4211
In base 13, what is -3 + 1a552?
1a54c
In base 4, what is 110303 - -1011?
111320
In base 14, what is -17b - -1b7?
3a
In base 4, what is -10 - 1123221320?
-1123221330
In base 6, what is -13240 + -1144?
-14424
In base 9, what is 3 + -2407?
-2404
In base 6, what is -4 - -1424152?
1424144
In base 12, what is 6 - -13a8?
13b2
In base 7, what is -1066452 + -30?
-1066512
In base 15, what is -369 + 37?
-332
In base 13, what is -7 + 2ca9a?
2ca93
In base 14, what is 141 - -5d?
1a0
In base 5, what is 0 - 244404?
-244404
In base 12, what is -4 + 49107a?
491076
In base 9, what is -11153 - -30?
-11123
In base 13, what is 4102 - -b4?
41b6
In base 8, what is -2653 - 2076?
-4751
In base 5, what is -122 - 243?
-420
In base 9, what is -1086221 + 7?
-1086213
In base 4, what is 3001022 + -30?
3000332
In base 14, what is -1b64 + -16?
-1b7a
In base 3, what is 100202101 - -200?
100210001
In base 8, what is -10 - 115260?
-115270
In base 5, what is -421 - 122032?
-123003
In base 6, what is 153053 + 13?
153110
In base 5, what is 40 + 121333?
121423
In base 6, what is 1121 - 53205?
-52044
In base 16, what is 5 + 49ec4?
49ec9
In base 15, what is 0 - -5929c?
5929c
In base 12, what is -7489 + 2?
-7487
In base 2, what is -110110111 + 101011111?
-1011000
In base 4, what is -111012 - -2230?
-102122
In base 13,